(m) = -m**2 + 6*m + 16. Determine k(8).
0
Let p(f) = -2*f**3 + 49*f**2 + 23*f + 46. Give p(25).
-4
Let h(q) = -3*q + 3. Determine h(8).
-21
Let q(v) = v**3 - 8*v**2. What is q(8)?
0
Let w(o) = -64*o + 431. Give w(7).
-17
Let o(s) = s**3 + 6*s**2 - 10*s - 17. Calculate o(-7).
4
Let y(c) = -59*c - 2. Determine y(1).
-61
Let j(v) = -v**3 - 2*v**2 + 5*v + 12. Give j(4).
-64
Let j(p) = 106*p - 846. What is j(8)?
2
Let q(a) = 3*a + 14. Give q(-6).
-4
Let j(i) = i**2 - 4*i - 2. Calculate j(4).
-2
Let l(p) = -50*p**3 + p**2 - p. Give l(1).
-50
Let f(h) = h**2 + 3*h + 9. Determine f(-5).
19
Let i(l) = 4*l**2 - 84*l + 19. Calculate i(21).
19
Let a(q) = -q + 14. Determine a(8).
6
Let p(l) = l**3 + 11*l**2 + 14*l - 1. Calculate p(-11).
-155
Let r(l) = 4*l**2 - 2*l - 5. Determine r(3).
25
Let y(k) = -7*k - 52. What is y(-19)?
81
Let d(g) = g**2 + 10*g - 3. Calculate d(-8).
-19
Let z(b) = -b**2 - 6*b + 3. Give z(-7).
-4
Let q(x) = 7*x. Determine q(-1).
-7
Let c(w) = -w - 9. Give c(0).
-9
Let w(n) = -4*n**2 + 11*n - 4. Determine w(6).
-82
Let r(o) = o**3 + 12*o**2 - 46*o - 10. What is r(-15)?
5
Let q(r) = r**3 + 12*r**2 - 11*r + 10. Determine q(-13).
-16
Let j(i) = -2*i + 16. Determine j(4).
8
Let z(v) = -76*v - 834. Give z(-11).
2
Let n(f) = f**3 - 8*f**2 - 6*f - 24. Calculate n(9).
3
Let h(j) = j**3 - 9*j**2 + 15*j - 23. Calculate h(8).
33
Let q(x) = 4*x**2 + 25. Give q(0).
25
Let m(c) = 9*c - 1. Determine m(-1).
-10
Let y(k) = -k**3 - 5*k**2 + k - 3. Calculate y(-3).
-24
Let f(k) = -2*k**3 - 11*k**2 + 5*k - 2. Calculate f(-6).
4
Let t(q) = q**2 - 10. What is t(-5)?
15
Let x(u) = -2*u + 16. Give x(6).
4
Let s(a) = a**2 - 8*a - 80. Calculate s(-6).
4
Let k(d) = -6*d + 5. Determine k(4).
-19
Let o(i) = -3*i. Determine o(-6).
18
Let j(v) = -6*v**2 - 18*v + 6. Give j(-5).
-54
Let i(r) = -2*r**3 - 4*r**2 - 2*r - 6. Calculate i(-2).
-2
Let l(s) = s**3 - 22*s**2 + 23*s - 44. Calculate l(21).
-2
Let x(d) = -d - 26. Give x(-14).
-12
Let c(t) = t**3 - 15*t**2 + 35*t + 10. What is c(12)?
-2
Let x(i) = i**2 + 9*i + 14. Calculate x(-12).
50
Let v(q) = q**3 - 34*q**2 + 33*q + 10. What is v(33)?
10
Let g(r) = r**3 + r**2 - 7*r. Calculate g(3).
15
Let g(i) = 20*i**3 + i**2 - 1. Calculate g(1).
20
Let v(c) = c**2 - c + 2. Give v(-5).
32
Let g(j) = 4*j**2 + 136*j - 6. Give g(-34).
-6
Let d(c) = -2*c + 49. What is d(12)?
25
Let g(v) = -v**2 - 7*v - 10. What is g(-8)?
-18
Let t(x) = -10*x + 2. Calculate t(1).
-8
Let l(p) = -4*p**2 - 56*p - 3. What is l(-14)?
-3
Let s(t) = -t**2 + 4*t - 3. Give s(4).
-3
Let p(y) = -3*y**2 + 4*y + 6. Calculate p(4).
-26
Let w(n) = -n**3 + 12*n**2 - 3*n + 18. Determine w(12).
-18
Let q(b) = -3*b + 4. Give q(-6).
22
Let z(m) = -m - 6. Calculate z(-13).
7
Let y(w) = w**2 + 17*w + 33. Calculate y(-15).
3
Let c(u) = u**3 - 10*u**2 + 13*u - 33. What is c(9)?
3
Let x(l) = 14*l**3 - 3*l**2 + 3*l - 1. Determine x(1).
13
Let p(y) = y**3 - 9*y**2 - 7*y - 28. Determine p(10).
2
Let v(g) = -g**3 + 5*g**2 + 2*g - 3. Give v(5).
7
Let v(k) = k**2 - 9*k - 7. Give v(7).
-21
Let c(x) = -6*x**2 + 19*x - 1. What is c(3)?
2
Let f(s) = -2*s**2 + s + 2. Determine f(2).
-4
Let f(y) = -6*y**3 - 3*y**2 - 3*y - 1. What is f(-1)?
5
Let y(p) = 5*p - 1. Determine y(-2).
-11
Let r(z) = z**2 + 28*z - 57. Determine r(-30).
3
Let m(a) = -a**2 - 3. Determine m(-3).
-12
Let h(x) = -x**2 - x - 30. Give h(0).
-30
Let v(z) = z**3 - 18*z**2 + 59*z - 44. Give v(14).
-2
Let p(h) = 3*h**2 + 49*h - 16. Give p(-17).
18
Let m(f) = f**3 - 3*f + 5. Determine m(2).
7
Let h(y) = 37*y - 339. Calculate h(9).
-6
Let z(n) = -3*n**2 + 17*n + 16. Give z(6).
10
Let x(r) = 13*r - 2. Give x(2).
24
Let w(n) = n**3 - n**2 + n + 9. What is w(0)?
9
Let q(z) = -2*z. What is q(1)?
-2
Let y(w) = -w**2 - 4*w - 5. What is y(-5)?
-10
Let n(u) = u**2 - 24*u - 13. Determine n(19).
-108
Let n(f) = f**3 - 9*f**2 + 10*f - 15. Determine n(8).
1
Let r(w) = w**2 + 2*w + 5. Determine r(-4).
13
Let v(b) = 15*b + 1. Determine v(-1).
-14
Let a(x) = -x**3 + 12*x**2 - 12*x - 10. Calculate a(11).
-21
Let s(w) = -10*w - 32. What is s(-6)?
28
Let z(d) = d**3 + 17*d**2 - 17*d + 10. Determine z(-18).
-8
Let b(o) = -7*o + 3. Calculate b(-6).
45
Let t(h) = -h - 3. Give t(-3).
0
Let x(i) = -i**3 + 1. Give x(-1).
2
Let f(c) = 14*c - 128. Give f(11).
26
Let g(q) = -8*q**3 - 96*q**2 + 2*q. What is g(-12)?
-24
Let s(q) = -q**3 + 7*q**2 - 3*q - 5. Determine s(7).
-26
Let y(f) = -f**2 + 12*f + 208. What is y(-10)?
-12
Let p(n) = -n**2 - 4*n + 22. Determine p(3).
1
Let d(m) = -m**2 + 2*m - 32. Determine d(0).
-32
Let g(p) = 2*p + 1. Calculate g(2).
5
Let k(b) = -b**3 + 6*b**2 - 3*b - 3. Give k(7).
-73
Let k(v) = v**2 - 2*v - 30. Calculate k(-5).
5
Let l(o) = -o**3 + 11*o**2 - 10*o + 5. Calculate l(10).
5
Let u(q) = 10*q + 40. Calculate u(-8).
-40
Let m(t) = t**3 - 8*t**2 - 21. Calculate m(8).
-21
Let m(h) = -h + 7. Give m(7).
0
Let x(r) = 4*r**3 - 2*r**2 + 2. Calculate x(-1).
-4
Let p(w) = 4*w + 42. Give p(5).
62
Let x(w) = 14*w + 919. What is x(-66)?
-5
Let h(d) = -d**3 + 42*d**2 - 40*d - 48. Calculate h(41).
-7
Let p(a) = a**3 + 7*a**2 + 4*a - 6. Give p(-6).
6
Let g(y) = y**3 - 29*y**2 + 29*y - 25. What is g(28)?
3
Let v(w) = -w**2 + 3*w - 1. What is v(-4)?
-29
Let w(v) = -2*v**2 - 2*v + 4. Give w(-3).
-8
Let l(v) = v + 1. Calculate l(-3).
-2
Let i(f) = 2*f**3 - 5*f**2 + 8*f - 3. What is i(2)?
9
Let d(y) = y**3 - 7*y**2 - 7*y - 2. What is d(-2)?
-24
Let f(m) = -m**3 - m**2 + m. Calculate f(-1).
-1
Let k(v) = -v**2 + 3*v. Give k(3).
0
Let n(c) = c**3 - 15*c**2 + 12*c + 9. Calculate n(14).
-19
Let j(c) = -c**2 + 26*c - 161. Determine j(17).
-8
Let m(t) = -t**3 + 7*t**2 - 15*t + 7. What is m(4)?
-5
Let y(x) = 4*x + 1. Give y(6).
25
Let d(k) = k**3 - 15*k**2 - 52*k + 4. Calculate d(18).
40
Let b(a) = 5*a - 12. Calculate b(6).
18
Let z(i) = 72*i - 361. What is z(5)?
-1
Let j(b) = b**2 + 9*b - 4. Give j(-10).
6
Let z(t) = 4*t**2 - 19*t. What is z(5)?
5
Let o(c) = c**3 - 4*c**2 - 7*c + 2. Give o(5).
-8
Let y(l) = -26*l + 14. Determine y(1).
-12
Let j(a) = a**3 + 5*a**2 + 3*a - 6. What is j(-5)?
-21
Let x(c) = -c**3 + 16*c**2 - 20*c + 19. Calculate x(15).
-56
Let b(l) = l**2 + 6*l. Give b(-9).
27
Let b(x) = -3*x**3 + x**2 + x - 2. Determine b(1).
-3
Let n(x) = x**3 + 10*x**2 + 13*x - 22. Calculate n(-8).
2
Let v(z) = -z**2 - 32*z - 123. Calculate v(-5).
12
Let f(g) = -g**3 - g**2 + 2*g - 6. What is f(-3)?
6
Let r(a) = 14*a - 76. Calculate r(5).
-6
Let t(s) = s - 39. Determine t(18).
-21
Let t(r) = -r**3 + 10*r**2 + 4*r - 23. Calculate t(10).
17
Let c(r) = -r**3 - 39*r**2 + 2*r + 97. Determine c(-39).
19
Let g(i) = 3*i**2 - 21*i + 24. What is g(5)?
-6
Let o(a) = a**3 - 2*a**2 - 1. Give o(2).
-1
Let d(u) = -u**3 + 32*u**2 - 61*u + 32. Calculate d(30).
2
Let b(t) = -t**2 - 2*t + 6. Determine b(-3).
3
Let c(z) = z**3 + 9*z**2 - 9*z - 11. What is c(-10)?
-21
Let l(j) = -j**2 - 9*j + 1. Determine l(-9).
1
Let b(q) = q**3 - 25*q**2 + 17*q + 157. Calculate b(24).
-11
Let d(g) = 2*g**2 - 6*g - 9. Calculate d(-2).
11
Let x(y) = 9*y - 6. What is x(3)?
21
Let a(y) = -28*y**3 - 3*y**2 + 2*y + 3. Calculate a(-1).
26
Let v(c) = 47*c**3 - 4*c - 3. What is v(-1)?
-46
Let k(w) = -w + 104. Calculate k(-26).
130
Let z(n) = 5*n + 11. What is z(8)?
51
Let i(n) = 13*n + 32. What is i(-3)?
-7
Let m(i) = -18*i**3 + 2*i**2 - 2*i - 1. Give m(1).
-19
Let s(g) = -7*g - 54. Determine s(-7).
-5
Let f(u) = 11*u + 264. Give f(-22).
22
Let i(n) = 24*n + 13. Determine i(-2).
-35
Let o(a) = -a**2 - 3*a + 3. Calculate o(-4).
-1
Let a(l) = -2*l - 34. Give a(-20).
6
Let b(y) = 2*y**2 + 12*y - 17. Give b(-7).
-3
Let i(u) = -u**3 - 9*u**2 + u + 88. Determine i(-8).
16
Let q(w) = w**3 + w**2 + 6. What is q(0)?
6
Let m(p) = -40*p + 42. Calculate m(1).
2
Let t(n) = n**2 + 18*n + 81. Give t(-6).
9
Let c(j) = j**3 - 7*j**2 + 7*j + 18. What is c(5)?
3
Let b(d) = -25*d**2 - 5*d - 11. Calculate b(-2).
-101
Let u(c) = -3*c**2 + 26*c - 52. Give u(3).
-1
Let o(s) = 2*s + 24. Determine o(-11).
2
Let m(d) = 5*d - 17. Determine m(5).
8
Let y(m) = -m**2 - 53*m + 480. Calculate y(8).
-8
Let a(p) = p**3 + 7*p**2 - 21*p - 7. Calculate a(-9).
20
Let p(y) = 2*y - 30. Calculate p(10).
-10
Let d(q) = -q**2 - 3*q + 7. Determine d(-4).
3
Let h(z) = -4*z + 24. Determine h(8).
-8
Let r(a) = 15*a - 52. Calcul